s 7 divide 1073903?
False
Is 1034484 a multiple of 132?
True
Does 389 divide 4801038?
True
Is 31 a factor of 1730758?
False
Is 177 a factor of 52038?
True
Is 54 a factor of 5836482?
True
Does 137 divide 901236?
False
Does 1382 divide 2993071?
False
Does 380 divide 685140?
True
Is 898753 a multiple of 9?
False
Does 2 divide 633688?
True
Is 28 a factor of 525967?
False
Does 77 divide 8704450?
False
Does 217 divide 256494?
True
Is 49 a factor of 199001?
False
Does 51 divide 9044799?
True
Does 101 divide 36764?
True
Does 15 divide 86335?
False
Is 220935 a multiple of 40?
False
Is 167 a factor of 848026?
True
Does 300 divide 657900?
True
Does 166 divide 17969010?
False
Is 117300 a multiple of 60?
True
Is 13 a factor of 773110?
True
Is 68 a factor of 106692?
True
Is 183911 a multiple of 329?
True
Is 37 a factor of 26773015?
True
Is 140 a factor of 11322500?
True
Is 3 a factor of 43473?
True
Does 152 divide 68096?
True
Does 2 divide 2296993?
False
Is 7 a factor of 16142?
True
Is 3751534 a multiple of 5?
False
Is 16 a factor of 208432?
True
Is 190771 a multiple of 166?
False
Is 20230 a multiple of 5?
True
Does 420 divide 61320?
True
Is 490 a factor of 263712?
False
Does 34 divide 187195?
False
Is 11800218 a multiple of 10?
False
Is 99 a factor of 240750?
False
Is 118641 a multiple of 265?
False
Is 12754 a multiple of 409?
False
Is 19 a factor of 251693?
True
Does 11 divide 19670134?
True
Does 43 divide 113275?
False
Is 36 a factor of 33738?
False
Is 580 a factor of 2194720?
True
Does 3 divide 40547?
False
Is 141 a factor of 631680?
True
Is 115076 a multiple of 4?
True
Does 22 divide 3060562?
False
Does 27 divide 18279?
True
Is 1092169 a multiple of 179?
False
Does 16 divide 14944?
True
Is 62018 a multiple of 11?
True
Is 93799 a multiple of 51?
False
Is 30 a factor of 120660?
True
Is 9 a factor of 1754955?
True
Is 578754 a multiple of 237?
True
Is 6240403 a multiple of 14?
False
Is 221433 a multiple of 58?
False
Is 602 a factor of 27608?
False
Is 30 a factor of 193290?
True
Is 29 a factor of 120611?
True
Is 170 a factor of 66810?
True
Does 15 divide 13297726?
False
Is 22 a factor of 667678?
True
Is 8868611 a multiple of 17?
True
Is 4095780 a multiple of 105?
False
Is 2075976 a multiple of 14?
True
Is 284 a factor of 3493863?
False
Does 123 divide 102828?
True
Does 143 divide 5086911?
False
Is 442 a multiple of 13?
True
Is 1947986 a multiple of 962?
False
Is 7 a factor of 202608?
True
Is 13 a factor of 441337?
True
Is 2185 a factor of 14013365?
False
Does 5 divide 61932?
False
Is 24 a factor of 298440?
True
Is 94233 a multiple of 3?
True
Is 173151 a multiple of 9?
True
Is 226 a factor of 765914?
True
Is 4498235 a multiple of 18?
False
Is 4 a factor of 165218?
False
Does 3 divide 4308?
True
Is 1729 a factor of 6986889?
True
Does 16 divide 2772?
False
Is 13 a factor of 572861?
False
Is 398498 a multiple of 5?
False
Is 51471 a multiple of 10?
False
Is 15 a factor of 70586?
False
Is 6556620 a multiple of 509?
False
Is 115727 a multiple of 54?
False
Is 2694754 a multiple of 410?
False
Is 176705 even?
False
Does 13 divide 130858?
True
Is 7478786 a multiple of 420?
False
Is 1690910 a multiple of 2?
True
Does 222 divide 185294?
False
Is 115 a factor of 2386131?
False
Does 12 divide 2260104?
True
Is 14 a factor of 564998?
True
Does 10 divide 24318?
False
Is 473 a factor of 1348996?
True
Does 17 divide 2846608?
False
Is 175545 a multiple of 25?
False
Does 463 divide 282893?
True
Is 260 a factor of 3855280?
True
Is 2 a factor of 50447?
False
Is 522236 a multiple of 44?
True
Is 436811 a multiple of 205?
False
Does 11 divide 125807?
True
Does 9 divide 272219?
False
Is 22 a factor of 158708?
True
Does 15 divide 169931?
False
Is 21 a factor of 1264095?
True
Is 45 a factor of 4388462?
False
Does 199 divide 64476?
True
Is 6 a factor of 16840?
False
Does 2 divide 112923?
False
Is 40 a factor of 291457?
False
Is 723840 a multiple of 580?
True
Does 109 divide 783110?
False
Is 25290 a multiple of 20?
False
Is 105956 a multiple of 16?
False
Is 5 a factor of 184055?
True
Is 2918663 a multiple of 11?
True
Is 1723861 a multiple of 1527?
False
Is 84754 a multiple of 62?
True
Is 80 a factor of 7124880?
True
Is 232 a factor of 6922226?
False
Is 60 a factor of 7734101?
False
Is 24 a factor of 142224?
True
Does 434 divide 1852312?
True
Is 2873408 a multiple of 188?
False
Does 6 divide 2887195?
False
Does 634 divide 6037474?
False
Is 1397130 a multiple of 7?
True
Is 6950871 a multiple of 156?
False
Is 1204623 a multiple of 22?
False
Is 2956474 a multiple of 10?
False
Does 20 divide 10260?
True
Is 2022820 a multiple of 45?
False
Does 366 divide 1425924?
False
Is 5 a factor of 2328408?
False
Does 7 divide 48405?
True
Is 40383 a multiple of 210?
False
Is 156268 a multiple of 44?
False
Is 17 a factor of 102666?
False
Is 42 a factor of 109620?
True
Does 4 divide 65624?
True
Is 277 a factor of 7625627?
False
Is 2100760 a multiple of 265?
False
Does 31 divide 189131?
True
Is 30 a factor of 17147?
False
Does 35 divide 123340?
True
Is 2530583 a multiple of 42?
False
Does 2 divide 4867?
False
Is 117 a factor of 226908?
False
Is 18 a factor of 155232?
True
Is 431613 a multiple of 93?
True
Does 163 divide 44825?
True
Is 442638 a multiple of 27?
True
Is 1449239 a multiple of 247?
False
Is 233 a factor of 11650?
True
Is 1125740 a multiple of 748?
True
Does 13 divide 4590326?
True
Does 6 divide 375120?
True
Is 65 a factor of 278160?
False
Is 309625 a multiple of 125?
True
Does 505 divide 1984145?
True
Is 452979 a multiple of 27?
True
Is 121072 a multiple of 15?
False
Is 4958640 a multiple of 388?
True
Is 47 a factor of 505268?
False
Is 86 a factor of 317772?
False
Is 118 a factor of 7070879?
False
Does 6 divide 291185?
False
Does 23 divide 4970714?
True
Is 29 a factor of 107549?
False
Is 333253 a multiple of 4?
False
Is 33 a factor of 14246430?
True
Is 141376 a multiple of 75?
False
Is 3286029 a multiple of 905?
False
Does 212 divide 3965064?
False
Is 51954 a multiple of 14?
True
Is 14 a factor of 144211?
False
Is 72 a factor of 52479?
False
Does 719 divide 184064?
True
Is 10539660 a multiple of 20?
True
Is 4409052 a multiple of 191?
False
Is 72 a factor of 714600?
True
Does 207 divide 7383690?
True
Is 403 a factor of 3572124?
False
Is 167 a factor of 235547?
False
Is 20 a factor of 4280?
True
Does 79 divide 145388?
False
Does 69 divide 2402686?
False
Does 310 divide 2843?
False
Is 302 a factor of 938616?
True
Is 64 a factor of 444460?
False
Is 94 a factor of 81780?
True
Does 342 divide 61216?
False
Does 28 divide 3594468?
False
Does 9 divide 72935?
False
Is 1264536 a multiple of 168?
True
Is 21 a factor of 221607?
False
Is 42 a factor of 28182?
True
Is 2860536 a multiple of 3?
True
Is 439 a factor of 2109732?
False
Does 1734 divide 4109580?
True
Does 19 divide 55961?
False
Does 11 divide 145741?
False
Is 55 a factor of 1024265?
True
Is 215757 a multiple of 128?
False
Is 107 a factor of 52644?
True
Is 3350 a multiple of 10?
True
Is 1973801 a multiple of 588?
False
Is 600 a factor of 3168600?
True
Is 543918 a multiple of 194?
False
Does 20 divide 836780?
True
Is 2067995 a multiple of 965?
True
Is 4491961 a multiple of 323?
True
Is 3 a factor of 888268?
False
Does 443 divide 459476?
False
Is 74 a factor of 19017660?
False
Is 322677 a multiple of 629?
True
Does 130 divide 72810?
False
Is 79359 a multiple of 7?
True
Is 2746773 a multiple of 1678?
False
Is 287587 a multiple of 49?
False
Is 322 a factor of 971699?
False
Is 87 a factor of 651630?
True
Is 6 a factor of 2173170?
True
Is 8 a factor of 1673928?
True
Is 840049 a multiple of 7?
True
Is 223 a factor of 1023793?
True
Is 3701877 a multiple of 25?
False
Does 33 divide 503818?
False
Is 711495 a multiple of 143?
False
Is 285 a factor of 3005040?
True
Is 8638586 a multiple of 12?
False
Is 112 a factor of 106310?
False
Does 50 divide 95794?
False
Is 7 a factor of 30681?
True
Does 10 divide 278662?
False
Is 47 a factor of 1082367?
False
Is 90 a factor of 946529?
False
Is 272 a factor of 169205?
False
Is 254 a factor of 203708?
True
Is 1188776 a multiple of 68?
True
Is 1157 a factor of 4288999?
True
Does 222 divide 383844?
False
Is 19 a factor of 5122668?
False
Does 1102 divide 2413380?
True
Does 2 divide 24740?
True
Is 172829 a multiple of 154?
Fal